f 78 and 195?
39
What is the greatest common divisor of 51 and 2397?
51
Calculate the greatest common factor of 858 and 55.
11
What is the greatest common divisor of 210 and 63?
21
Calculate the greatest common divisor of 201 and 1541.
67
Calculate the greatest common divisor of 14579 and 61.
61
What is the highest common factor of 99 and 54?
9
What is the greatest common divisor of 2241 and 83?
83
What is the greatest common factor of 4345 and 11?
11
What is the highest common factor of 1568 and 992?
32
Calculate the greatest common divisor of 120 and 1960.
40
Calculate the greatest common factor of 90 and 72.
18
Calculate the highest common factor of 34 and 4.
2
Calculate the greatest common divisor of 15 and 345.
15
Calculate the greatest common divisor of 55 and 4455.
55
Calculate the highest common factor of 87 and 24766.
29
Calculate the highest common divisor of 38 and 18.
2
What is the greatest common factor of 299 and 23?
23
What is the greatest common factor of 184 and 40?
8
Calculate the greatest common divisor of 15 and 27255.
15
What is the greatest common factor of 95 and 35?
5
Calculate the highest common divisor of 2 and 149.
1
Calculate the greatest common factor of 36 and 2304.
36
Calculate the greatest common divisor of 315 and 1485.
45
What is the highest common factor of 48 and 336?
48
Calculate the highest common factor of 437 and 115.
23
What is the highest common divisor of 8791 and 298?
149
Calculate the highest common divisor of 1701 and 882.
63
What is the greatest common divisor of 50 and 320?
10
What is the greatest common factor of 87 and 1740?
87
What is the greatest common divisor of 182 and 84?
14
What is the highest common factor of 1344 and 48?
48
Calculate the greatest common divisor of 287 and 630.
7
What is the greatest common factor of 9558 and 972?
162
Calculate the highest common factor of 177 and 3776.
59
Calculate the highest common factor of 132 and 6024.
12
What is the greatest common factor of 156 and 351?
39
Calculate the greatest common divisor of 39 and 351.
39
What is the highest common divisor of 561 and 33?
33
Calculate the greatest common divisor of 735 and 105.
105
Calculate the highest common factor of 40 and 2130.
10
What is the highest common factor of 1303 and 2?
1
Calculate the highest common divisor of 28 and 266.
14
Calculate the greatest common divisor of 5451 and 711.
237
What is the greatest common factor of 27 and 121122?
27
What is the highest common divisor of 42 and 276?
6
Calculate the greatest common factor of 350 and 28.
14
What is the highest common factor of 210 and 1110?
30
What is the highest common divisor of 105 and 510?
15
Calculate the highest common factor of 34 and 119.
17
What is the greatest common factor of 126 and 1071?
63
What is the greatest common divisor of 2829 and 69?
69
What is the highest common factor of 180 and 1420?
20
What is the greatest common divisor of 10320 and 8?
8
Calculate the greatest common divisor of 890 and 10413.
89
Calculate the greatest common factor of 23 and 736.
23
Calculate the greatest common factor of 468 and 104.
52
Calculate the highest common divisor of 69 and 3.
3
Calculate the highest common factor of 896 and 14.
14
Calculate the highest common divisor of 18373 and 19.
19
Calculate the highest common divisor of 10265 and 10.
5
Calculate the highest common divisor of 12 and 1732.
4
Calculate the highest common factor of 21 and 5523.
21
What is the greatest common divisor of 875 and 5950?
175
Calculate the greatest common divisor of 108 and 27.
27
Calculate the greatest common factor of 4329 and 444.
111
What is the greatest common factor of 7360 and 120?
40
What is the highest common factor of 68 and 268?
4
Calculate the highest common factor of 576 and 96.
96
Calculate the greatest common divisor of 11 and 251.
1
Calculate the highest common factor of 20 and 540.
20
Calculate the highest common factor of 10050 and 67.
67
Calculate the highest common factor of 1860 and 2015.
155
Calculate the highest common divisor of 10382 and 58.
58
Calculate the greatest common factor of 1128 and 17202.
282
Calculate the highest common factor of 575 and 800.
25
What is the highest common divisor of 170 and 34?
34
Calculate the greatest common divisor of 153 and 51.
51
What is the highest common factor of 85428 and 54?
54
Calculate the highest common factor of 131 and 2227.
131
Calculate the greatest common divisor of 12 and 18534.
6
What is the greatest common divisor of 288 and 6?
6
Calculate the highest common factor of 2135 and 280.
35
Calculate the highest common divisor of 2 and 23.
1
What is the greatest common divisor of 3816 and 12?
12
What is the highest common divisor of 45 and 495?
45
Calculate the highest common divisor of 24 and 768.
24
Calculate the highest common factor of 63 and 9.
9
Calculate the highest common divisor of 51653 and 329.
329
What is the greatest common divisor of 1145 and 15572?
229
What is the greatest common divisor of 364 and 28?
28
What is the greatest common divisor of 2064 and 48?
48
Calculate the highest common divisor of 35 and 18690.
35
What is the greatest common factor of 117 and 208?
13
Calculate the greatest common divisor of 14 and 182.
14
What is the highest common divisor of 1 and 349?
1
What is the greatest common factor of 2336 and 96?
32
What is the greatest common factor of 30 and 690?
30
Calculate the highest common divisor of 68 and 6324.
68
Calculate the highest common factor of 9 and 1449.
9
Calculate the highest common divisor of 10 and 6.
2
What is the greatest common divisor of 2349 and 29?
29
What is the highest common divisor of 56 and 252?
28
What is the greatest common factor of 17 and 459?
17
Calculate the highest common factor of 351 and 13.
13
What is the greatest common factor of 1089 and 36?
9
What is the greatest common factor of 17 and 44710?
17
What is the highest common factor of 146 and 25988?
146
What is the highest common divisor of 13 and 9672?
13
Calculate the greatest common factor of 15 and 190.
5
What is the greatest common divisor of 565 and 15?
5
What is the greatest common factor of 14 and 378?
14
What is the greatest common divisor of 9 and 3489?
3
What is the highest common divisor of 5612 and 276?
92
What is the greatest common factor of 7 and 7?
7
What is the highest common factor of 48 and 2608?
16
What is the highest common divisor of 450 and 36?
18
What is the greatest common factor of 121 and 22?
11
Calculate the greatest common factor of 80 and 3320.
40
What is the greatest common factor of 2 and 16?
2
Calculate the highest common factor of 119 and 136.
17
Calculate the highest common divisor of 44 and 572.
44
What is the greatest common divisor of 8 and 1868?
4
Calculate the greatest common factor of 85 and 1105.
85
What is the greatest common factor of 12918 and 6?
6
What is the highest common factor of 1400 and 280?
280
Calculate the highest common factor of 69 and 276.
69
Calculate the greatest common factor of 414 and 6762.
138
Calculate the greatest common factor of 518 and 7.
7
What is the highest common divisor of 24 and 16?
8
What is the greatest common divisor of 30 and 54?
6
What is the highest common divisor of 13 and 1469?
13
Calculate the greatest common divisor of 210 and 70.
70
Calculate the greatest common factor of 150 and 200.
50
What is the greatest common factor of 196 and 2492?
28
What is the highest common divisor of 294 and 7098?
42
Calculate the highest common divisor of 36 and 26556.
12
What is the greatest common factor of 2392 and 13?
13
Calculate the highest common divisor of 61522 and 38.
38
Calculate the greatest common divisor of 365 and 146.
73
What is the highest common factor of 56 and 21?
7
Calculate the greatest common factor of 3810 and 30.
30
What is the greatest common factor of 372 and 217?
31
What is the highest common divisor of 82 and 246?
82
What is the highest common factor of 2520 and 40?
40
Calculate the greatest common divisor of 224 and 49.
7
What is the highest common factor of 44 and 8019?
11
What is the highest common divisor of 1656 and 5612?
92
Calculate the highest common divisor of 16416 and 324.
108
What is the greatest common divisor of 8685 and 90?
45
Calculate the highest common fa